et o(t) be the second derivative of -t**5/20 - 13*t**4/12 + 3*t**3 + 25*t**2 - 259*t. Give o(-14).
-6
Suppose 5 = 3*a - 7. Let f(c) = 2*c + 4. Let g(x) = -2*x + 8. Let p(n) = 3*n - 14. Let s(q) = -5*g(q) - 3*p(q). Let w(m) = 2*f(m) - 3*s(m). Give w(a).
6
Let q be (1 + 0)/(10/20). Suppose -8 + 4 = q*d. Let x(t) be the third derivative of -t**5/60 + t**4/24 + 136*t**2. Calculate x(d).
-6
Let n(c) = 344*c + 2088. Let v be n(-6). Let g(q) = q**2 - 32*q + 187. Calculate g(v).
-5
Suppose -193*j - 252 - 147 = -13. Let x(f) = f - 5. Determine x(j).
-7
Let p(u) = 65842 - u**3 + 23*u - 23*u**2 + 2*u - 65821. Calculate p(-24).
-3
Let z(v) be the second derivative of 3*v**2 + 1/6*v**3 + 10*v + 1. Calculate z(-3).
3
Let f(s) = s**2 + 8*s - 6. Let z(i) = i**3 - 7*i**2 + 8. Let n be z(7). Suppose 5*q + v + 33 = 0, 3*q = n*q + 5*v + 45. Determine f(q).
-18
Let g be 2/7 - (-1645)/245. Let o be (78/(-10) + g)/(2/(-10)). Let a(u) = -2*u**2 + 5*u + 2. Determine a(o).
-10
Let c(v) be the second derivative of -9*v**5/20 + v**2/2 - v. Suppose -163*q + 162*q + 3*m - 17 = 0, -4*q + 3*m = 14. Calculate c(q).
-8
Suppose 17 = 5*v - 13, -3*v = -5*h - 8. Let x(d) = -d**3 + 8*d**2 - 4*d - 2. Determine x(h).
14
Let x(j) = 70 - 7 - 86 - 22*j**2 + j**3 + 2*j**2 + 22*j. Give x(19).
34
Suppose 2867*q = 2871*q + 4. Let j(k) = -83*k - 2. Give j(q).
81
Let d(k) = 7*k - 2. Suppose 0 = -2*j - 13*j. Suppose -3*a + 16 = -3*n - 8, j = -3*a - n + 4. Determine d(a).
19
Let i(q) = 16*q**3 - q**2 + 6*q - 5. Let k be i(1). Suppose 4*o + k = 2*h, 4*h + 0 = -4*o + 8. Let b(u) = -3*u**2 + u + 6. What is b(o)?
-8
Let v(w) = 4*w**2 + 670*w - 299. Let q be v(-168). Let n(x) = 4*x - 145. Calculate n(q).
3
Let j be (-78)/(-3)*(-14)/(-28). Suppose j*z = 17*z - 20. Let r(q) be the first derivative of -q**3/3 + 7*q**2/2 - 2*q - 2. Determine r(z).
8
Let d(c) = 5*c - 4. Let m be d(-3). Let l(g) be the first derivative of -g**2/2 - 14*g + 132422. Calculate l(m).
5
Suppose 203*q - 131 + 135 = -199. Let p(k) = 20*k + 14. Determine p(q).
-6
Suppose 19*f - 55 = 496. Let n = -24 + f. Let t(k) be the first derivative of k**3/3 - 5*k**2/2 - 4*k - 1. Give t(n).
-4
Let x(m) = -28*m - 6*m - 20*m**2 + 23*m + m**3 - 30*m - 48. Give x(22).
18
Let j(x) = -12*x**2 + 89*x - 298. Let v(w) = 17*w**2 - 130*w + 448. Let c(f) = 7*j(f) + 5*v(f). What is c(9)?
-8
Let r(s) be the third derivative of s**4/12 - 8*s**2. Let h(l) = -2*l. Let i be h(-4). Let f be 2/i - 378/72 - 1. Give r(f).
-12
Let v(w) = w - 3. Suppose 1 - 13 = 4*p. Let a(m) = m**3 + 2*m**2 - 5*m - 3. Let r be a(p). Suppose -3*t - 4*l - 8 = -4*t, -r*t - 3*l - 21 = 0. What is v(t)?
-7
Let t(d) be the third derivative of 0 + d**2 + 13/6*d**3 + 1/12*d**4 + 0*d. Suppose -6*s - 13488 = -13434. Calculate t(s).
-5
Let b = -16 - -57. Suppose 25 = 6*h - b. Let c(l) be the second derivative of -l**4/12 + 2*l**3 - 2*l**2 - 12*l. Give c(h).
7
Suppose -2*a = -3*p + 22, -9 - 11 = -5*p - 5*a. Let u(i) = -i**3 + 7*i**2 - 6*i. Determine u(p).
0
Let x(u) = -2*u - 7. Let f(l) = 39*l + 32*l + 5 - 69*l. Let o(g) = 4*f(g) + 3*x(g). Give o(-4).
-9
Let d(y) be the second derivative of y**4/8 + y**3/6 + 35*y**2 + 50*y. Let m(z) be the first derivative of d(z). Determine m(1).
4
Suppose 324 = 9035*f - 9053*f. Let m(t) = t**3 + 19*t**2 + 25*t + 155. What is m(f)?
29
Suppose 5*m + 734 = 4*i + 7*m, 4*i = 4*m + 764. Let t = -187 + i. Let f(u) = -u - u**2 + 19*u**2 - 1 + 0*u. What is f(t)?
18
Let w be (-2)/4*2*(6 - 7). Suppose -s - 4*i + 3 = -w, -2*s + 8 = -3*i. Let p(b) = -8 - b - 2*b + 14 + b. What is p(s)?
-2
Let q(n) = 8 + 3 - 6*n - 2 + 2*n. Suppose -16 = z - 0. Let y = z - -23. What is q(y)?
-19
Let b(v) = -v + 6. Let y(m) = -3*m - 1. Let c(f) = -4*f**2 - 31*f + 3. Let a(q) = c(q) - 6*y(q). Let k be a(-4). What is b(k)?
9
Let q(o) = -o + 6. Suppose 4*j - 9 = 3*d, 0 = -j - 4*d - 12. Let f be q(j). Let g(v) = -39827*v + 79654*v - 39831*v + 4*v**2 - 7 - 3*v**2. Calculate g(f).
5
Let y = -151 - -151. Suppose y = 5*b - 2*x + 16, -8*b = -9*b - x - 6. Let v(i) = -i**3 - 4*i**2 + 2*i + 6. Determine v(b).
-2
Let v(z) = 29*z + 28 + 12*z**3 - 8*z - 27*z**3 + 16*z**3 + 18*z**2 - 16*z. What is v(-18)?
-62
Let z be 4/((-92)/(-102) - -14*21/(-441)). Let r(f) be the third derivative of -f**6/120 + 4*f**5/15 + 2*f**4/3 + 13*f**3/6 + f**2. Give r(z).
-4
Let c(k) = 89*k + 35. Let y(b) = 38*b + 17. Let n(z) = -3*c(z) + 7*y(z). Give n(-3).
17
Let a(b) be the third derivative of -b**3 + 1/60*b**5 - 1/3*b**4 + 82*b**2 + 0 + 0*b. Calculate a(8).
-6
Let f(i) = 2*i**3 + 322*i**2 + 314*i - 959. Let j be f(-160). Let z(l) = -l**2 - 1. Let a(p) = 9*p**2 - 5. Let o(q) = -a(q) + 6*z(q). Determine o(j).
-16
Suppose j + v = -6, -2*j = v + 12 + 1. Let o(n) be the third derivative of -11/6*n**3 + 0*n - 6*n**2 - 1/24*n**4 + 0. Give o(j).
-4
Let w(v) be the third derivative of v**6/30 - v**5/60 + v**4/6 + v**3/6 - v**2 + 5*v + 150. Give w(2).
37
Let i(o) be the first derivative of o**4/4 + 23*o**3/3 + 3*o**2/2 + 68*o + 326. What is i(-23)?
-1
Let n(m) = -9*m**2 + 14488*m + 5*m**2 - 14487*m + m**3 + 12*m**2 + 2. Give n(-7).
44
Let n be (6/(-8))/(21/70)*(-160)/50. Let v(x) = x**3 - 8*x**2 - 17. Calculate v(n).
-17
Let q be (-32)/(-6)*(10 - (-5 + (-165)/(-10))). Let a(i) = 2*i**2 + 22*i + 38. What is a(q)?
-10
Let u = 129 - 92. Let z = u - 29. Let v be (z/5)/(10/25). Let b(j) = j - 2. What is b(v)?
2
Let k = -81 + 105. Suppose -5*f = -9 + k, 3*f = -t - 5. Suppose -u + 2*y - 4 = 1, 5*u - t*y + 7 = 0. Let l(p) = -8*p - 1. Determine l(u).
-9
Let f(z) = 3*z**3 + 2*z**2 - 10*z - 2. Let o(v) = -5*v**3 - 5*v**2 + 19*v + 3. Let i(u) = -7*f(u) - 4*o(u). Let m be ((-10)/2)/(325/13 + -26). Calculate i(m).
-3
Let j(n) = 36*n - 178*n + 120*n + 28 + n**2. Calculate j(21).
7
Let n(s) = -s**3 + 21*s**2 + 4*s + 13. Let z be n(21). Let u(h) = 52*h - 7 - z*h - h**3 - h**2 + 46*h. Calculate u(0).
-7
Let p be (3 - 4) + (-12)/(-3 + 2). Suppose 4*k + s = 25, -2*k = 2*s - 9 - p. Let o(j) be the first derivative of -j**3/3 + 9*j**2/2 + 5*j - 57. Give o(k).
25
Let j be 24 + 13 + 0/(2 - 3). Let b(d) = 18 - j + 16 + 2*d. Calculate b(2).
1
Let u(j) = j**2 - 7*j - 12. Let z be u(9). Let r(p) be the first derivative of p**2/2 + 2*p - 1449. Calculate r(z).
8
Let c(y) = 13*y**3 + 42*y**2 + 50*y + 65. Let r(a) = -18*a**3 - 63*a**2 - 74*a - 97. Let o(g) = -7*c(g) - 5*r(g). Give o(22).
-14
Let u(p) be the third derivative of 7*p**5/120 + p**4/24 - 3*p**3 + 3*p**2. Let g(k) be the first derivative of u(k). Suppose 5*m + 1 = 6. Determine g(m).
8
Suppose 3 = 2*w - 1, 3*g - 4*w = 379. Let h(y) = 123 - 2*y + 3*y - g. Let j = 8 + -2. Calculate h(j).
0
Let b(o) = o**3 - 4*o**2 + 3*o. Suppose 17 = -k + 4*s, 10*k - 8*k = -3*s + 21. Suppose k*m = -15*m + 54. Give b(m).
0
Let i(l) = -8*l + 10. Suppose 210 = 30*q + 90. Give i(q).
-22
Let b(y) = -y**3 - 16*y**2 + 18*y + 10. Let l be b(-17). Let r(o) = -17*o - 1. Let h(t) = -30*t - 2. Let i(a) = l*r(a) + 4*h(a). Calculate i(-7).
6
Let k(v) = -11*v - 4. Let r = -355 - -353. Determine k(r).
18
Let k(x) = 3*x - 2*x**2 - 5*x + 0*x. Suppose 77*f = 70*f. Let v be (2 - (-8 + 7)) + (-1 - f). Calculate k(v).
-12
Let t(l) = -l**2 - 4*l - 14. Let g be t(-4). Let q be (9/(-6))/(7/g). Suppose 3*b + 2*u = 10, 5*b - 10 = -q*u + 6. Let f(k) = 2*k**2 + k - 2. What is f(b)?
8
Let p(j) = 7*j**3 + 2*j**2 - 2*j + 31. Let b(f) = -12*f**3 - 4*f**2 + 6*f - 55. Let u(t) = -3*b(t) - 5*p(t). Give u(4).
74
Let v(d) = -d**2 - 6*d + 5. Suppose 0 = -2*c - 3*w + 28, 16*c + 2*w = 13*c + 27. Calculate v(c).
-50
Let x(m) = -5*m**3 + 5*m**2 - 9*m + 60. Let q(c) = -22*c**3 + 20*c**2 - 38*c + 241. Let h(f) = -2*q(f) + 9*x(f). Give h(6).
-8
Let w(x) = -24*x - 46. Let u(d) = -d**2 + 2301. Let f be u(48). What is w(f)?
26
Let w(y) = y**2 - 7. Suppose -6 = -4*h + 30. Suppose 0 = -2*q + h*q - 14. Suppose 2*m = q*b + 11 + 5, 3*m = -3*b + 6. Calculate w(m).
18
Suppose 8*b + 9 = 9. Let c(o) = -o**2 + o**3 + 0 + 7*o + 0*o**3 - 12 - 8*o. Calculate c(b).
-12
Let a(l) = -219 + 102 + 32*l + 28*l - 181. Give a(5).
2
Let p(a) = 3*a**2 + 11*a + 2. Let c(u) = -u**2 + 1. Let k(x) = 2*c(x) + p(x). Suppose -5*q = 3*v + 53, 17*q = 16*q - 5*v - 15. Give k(q).
-6
Let b(a) = 17*a**3 - 4*a**2. Let s be b(1). Let f(r) = 16*r**2 - s*r**2 + r - 4*r**2 + 2*r**2 + 1 + r**3. Let j = 1 + -3. 